{"id":505,"date":"2025-03-30T12:34:01","date_gmt":"2025-03-30T10:34:01","guid":{"rendered":"http:\/\/escacsmollerussa.cat\/?page_id=505"},"modified":"2025-03-30T13:38:12","modified_gmt":"2025-03-30T11:38:12","slug":"obert-internacional-descacs-ciutat-de-mollerussa-2","status":"publish","type":"page","link":"https:\/\/escacsmollerussa.cat\/index.php\/obert-internacional-descacs-ciutat-de-mollerussa-2\/","title":{"rendered":"Obert Internacional d&#8217;Escacs &#8220;Ciutat de Mollerussa&#8221;"},"content":{"rendered":"\n<figure class=\"wp-block-image size-large\"><img loading=\"lazy\" decoding=\"async\" width=\"1024\" height=\"461\" src=\"https:\/\/escacsmollerussa.cat\/wp-content\/uploads\/2025\/03\/Obert-Internacional-1024x461.jpg\" alt=\"\" class=\"wp-image-547\" srcset=\"https:\/\/escacsmollerussa.cat\/wp-content\/uploads\/2025\/03\/Obert-Internacional-1024x461.jpg 1024w, https:\/\/escacsmollerussa.cat\/wp-content\/uploads\/2025\/03\/Obert-Internacional-300x135.jpg 300w, https:\/\/escacsmollerussa.cat\/wp-content\/uploads\/2025\/03\/Obert-Internacional-768x346.jpg 768w, https:\/\/escacsmollerussa.cat\/wp-content\/uploads\/2025\/03\/Obert-Internacional-1536x691.jpg 1536w, https:\/\/escacsmollerussa.cat\/wp-content\/uploads\/2025\/03\/Obert-Internacional.jpg 1600w\" sizes=\"auto, (max-width: 706px) 89vw, (max-width: 767px) 82vw, 740px\" \/><\/figure>\n\n\n\n<p>Dins del la vessant organitzativa del club destaca<strong> l&#8217;Obert Internacional d&#8217;Escacs &#8220;Ciutat de Mollerussa&#8221;<\/strong>. Aquesta competici\u00f3 es realitza sempre el darrer diumenge de juny o primer diumenge de juliol.<\/p>\n\n\n\n<p>Forma part en el <strong>Circuit Catal\u00e0 d&#8217;Oberts Internacionals d&#8217;Escacs<\/strong> que organitza la Federaci\u00f3 Catalana d&#8217;Escacs, essent avaluable tant per l&#8217;Elo FCE com per l&#8217;Elo FIDE.<\/p>\n\n\n\n<p>Consolidaci\u00f3 de la tasca feta amb l\u2019escola que complementa la tasca organitzativa de torneigs: Circuit EnroCA\u2019T (torneig de promoci\u00f3) i Obert Internacionals (torneig competici\u00f3).<\/p>\n\n\n\n<p>El Circuit \u00e9s una activitat realitzada amb la <strong>col\u00b7laboraci\u00f3 de l&#8217;Ajuntament de Mollerussa i el Consell Catal\u00e0 de l&#8217;Esport.<\/strong><\/p>\n\n\n\n<div class=\"wp-block-group is-layout-grid wp-container-core-group-is-layout-9649a0d9 wp-block-group-is-layout-grid\">\n<figure class=\"wp-block-image size-full is-resized\"><img loading=\"lazy\" decoding=\"async\" width=\"194\" height=\"260\" src=\"https:\/\/escacsmollerussa.cat\/wp-content\/uploads\/2025\/03\/Ajuntament-de-MLS.png\" alt=\"\" class=\"wp-image-508\" style=\"width:95px;height:auto\"\/><\/figure>\n\n\n\n<figure class=\"wp-block-image size-full is-resized\"><img loading=\"lazy\" decoding=\"async\" width=\"298\" height=\"169\" src=\"https:\/\/escacsmollerussa.cat\/wp-content\/uploads\/2025\/03\/baixa-2.png\" alt=\"\" class=\"wp-image-553\" style=\"width:221px;height:auto\"\/><\/figure>\n<\/div>\n\n\n\n<p><\/p>\n","protected":false},"excerpt":{"rendered":"<p>Dins del la vessant organitzativa del club destaca l&#8217;Obert Internacional d&#8217;Escacs &#8220;Ciutat de Mollerussa&#8221;. Aquesta competici\u00f3 es realitza sempre el darrer diumenge de juny o primer diumenge de juliol. Forma part en el Circuit Catal\u00e0 d&#8217;Oberts Internacionals d&#8217;Escacs que organitza la Federaci\u00f3 Catalana d&#8217;Escacs, essent avaluable tant per l&#8217;Elo FCE com per l&#8217;Elo FIDE. Consolidaci\u00f3 &hellip; <\/p>\n<p class=\"link-more\"><a href=\"https:\/\/escacsmollerussa.cat\/index.php\/obert-internacional-descacs-ciutat-de-mollerussa-2\/\" class=\"more-link\">Continua llegint <span class=\"screen-reader-text\">\u00abObert Internacional d&#8217;Escacs &#8220;Ciutat de Mollerussa&#8221;\u00bb<\/span><\/a><\/p>\n","protected":false},"author":1,"featured_media":0,"parent":0,"menu_order":0,"comment_status":"closed","ping_status":"closed","template":"","meta":{"footnotes":""},"class_list":["post-505","page","type-page","status-publish","hentry"],"_links":{"self":[{"href":"https:\/\/escacsmollerussa.cat\/index.php\/wp-json\/wp\/v2\/pages\/505","targetHints":{"allow":["GET"]}}],"collection":[{"href":"https:\/\/escacsmollerussa.cat\/index.php\/wp-json\/wp\/v2\/pages"}],"about":[{"href":"https:\/\/escacsmollerussa.cat\/index.php\/wp-json\/wp\/v2\/types\/page"}],"author":[{"embeddable":true,"href":"https:\/\/escacsmollerussa.cat\/index.php\/wp-json\/wp\/v2\/users\/1"}],"replies":[{"embeddable":true,"href":"https:\/\/escacsmollerussa.cat\/index.php\/wp-json\/wp\/v2\/comments?post=505"}],"version-history":[{"count":21,"href":"https:\/\/escacsmollerussa.cat\/index.php\/wp-json\/wp\/v2\/pages\/505\/revisions"}],"predecessor-version":[{"id":564,"href":"https:\/\/escacsmollerussa.cat\/index.php\/wp-json\/wp\/v2\/pages\/505\/revisions\/564"}],"wp:attachment":[{"href":"https:\/\/escacsmollerussa.cat\/index.php\/wp-json\/wp\/v2\/media?parent=505"}],"curies":[{"name":"wp","href":"https:\/\/api.w.org\/{rel}","templated":true}]}}